{"id":6084,"date":"2024-09-17T09:21:27","date_gmt":"2024-09-17T07:21:27","guid":{"rendered":"https:\/\/www.shawue.de\/?post_type=product&#038;p=6084"},"modified":"2025-03-30T17:47:26","modified_gmt":"2025-03-30T15:47:26","slug":"der-shawue-de-shawue-usb-stick-leer","status":"publish","type":"product","link":"https:\/\/www.shawue.de\/?product=der-shawue-de-shawue-usb-stick-leer","title":{"rendered":"2 GB &#8211; USB Stick &#8211; leer"},"content":{"rendered":"<h3><span style=\"color: #ff0000;\">Der Shawue\/de Shawue &#8211; USB &#8211; Stick <\/span><\/h3>\n<p>Der USB-Stick hat die Form einer Kreditkarte und ist beidseitg bedruckt.<\/p>\n<p>Vorderseite: de Shawue \/ R\u00fcckseite: Shawue<\/p>\n<p>Er hat eine Speicherkapazit\u00e4t von 2GB und wird leer geliefert.<\/p>\n<p>Es ist aber auch m\u00f6glich eine oder mehrere CD&#8217;s im Wave oder MP3 Format vor dem Versand darauf abzuspeichern. Hierf\u00fcr ben\u00f6tigen folgende Angaben:<\/p>\n<ol>\n<li>Welche CD oder CD&#8217;s sollen abgespeichert werden.<\/li>\n<li>in welchem Format (Wave oder MP3) sollen die Dateien abgespeichert werden.<\/li>\n<\/ol>\n<p>F\u00fcr das Abspeichern von CD&#8217;s berechnen wir zus\u00e4tzlich 5,00\u20ac pro CD.<\/p>\n","protected":false},"excerpt":{"rendered":"<h3><span style=\"color: #ff0000;\">Der Shawue\/de Shawue &#8211; USB &#8211; Stick hat die Form einer Kreditkarte<\/span><\/h3>\n","protected":false},"featured_media":6230,"template":"","meta":[],"product_brand":[],"product_cat":[68],"product_tag":[69],"class_list":{"0":"post-6084","1":"product","2":"type-product","3":"status-publish","4":"has-post-thumbnail","6":"product_cat-usb-stick","7":"product_tag-usb-stick","9":"first","10":"instock","11":"shipping-taxable","12":"purchasable","13":"product-type-simple"},"_links":{"self":[{"href":"https:\/\/www.shawue.de\/index.php?rest_route=\/wp\/v2\/product\/6084","targetHints":{"allow":["GET"]}}],"collection":[{"href":"https:\/\/www.shawue.de\/index.php?rest_route=\/wp\/v2\/product"}],"about":[{"href":"https:\/\/www.shawue.de\/index.php?rest_route=\/wp\/v2\/types\/product"}],"version-history":[{"count":6,"href":"https:\/\/www.shawue.de\/index.php?rest_route=\/wp\/v2\/product\/6084\/revisions"}],"predecessor-version":[{"id":6228,"href":"https:\/\/www.shawue.de\/index.php?rest_route=\/wp\/v2\/product\/6084\/revisions\/6228"}],"wp:featuredmedia":[{"embeddable":true,"href":"https:\/\/www.shawue.de\/index.php?rest_route=\/wp\/v2\/media\/6230"}],"wp:attachment":[{"href":"https:\/\/www.shawue.de\/index.php?rest_route=%2Fwp%2Fv2%2Fmedia&parent=6084"}],"wp:term":[{"taxonomy":"product_brand","embeddable":true,"href":"https:\/\/www.shawue.de\/index.php?rest_route=%2Fwp%2Fv2%2Fproduct_brand&post=6084"},{"taxonomy":"product_cat","embeddable":true,"href":"https:\/\/www.shawue.de\/index.php?rest_route=%2Fwp%2Fv2%2Fproduct_cat&post=6084"},{"taxonomy":"product_tag","embeddable":true,"href":"https:\/\/www.shawue.de\/index.php?rest_route=%2Fwp%2Fv2%2Fproduct_tag&post=6084"}],"curies":[{"name":"wp","href":"https:\/\/api.w.org\/{rel}","templated":true}]}}