{"id":91,"date":"2018-05-18T14:23:41","date_gmt":"2018-05-18T14:23:41","guid":{"rendered":"http:\/\/shawue.de\/?product=import-placeholder-for-260"},"modified":"2026-01-23T19:05:06","modified_gmt":"2026-01-23T18:05:06","slug":"dr3i-wuesten","status":"publish","type":"product","link":"https:\/\/www.shawue.de\/?product=dr3i-wuesten","title":{"rendered":"&#8222;DR3I W\u00fcsten&#8220; &#8211; Shawue"},"content":{"rendered":"<p><b>Diese CD ist vollgepackt mit Musik und ist trotzdem kurzweilig. Sie enth\u00e4lt 16 Songs, die unterschiedlicher nicht sein k\u00f6nnen. Viele davon z\u00e4hlen heute noch zum festen Bestandteil der Shawue Konzerte. Um diese klangliche Vielfalt\u00a0zu erreichen, experimentierten\u00a0die Musiker mit einer gro\u00dfen Anzahl verschiedenster Instrumente. Zus\u00e4tzlich luden sie auch<\/b><strong>\u00a0f\u00fcr diese CD gro\u00dfartige Musiker f\u00fcr die Geigen-, Fl\u00f6ten-, Saxophon und Dudelsackspuren ins Studio ein. Die meisten Texte schrieben Lutz Neumann und Burghard Mette. Der zweite Song auf diesem Album &#8222;Volkslied&#8220;\u00a0 hielt aufgrund seines sozialkritischen Textest sogar Einzug in den Deutsch- bzw. Musikunterricht einiger Schulen.<\/strong><\/p>\n<p><strong>Eine Titelliste, sowie die Songtexte findest Du unter \u201eSONGTEXTE\u201c oder klick hier: <span style=\"color: #ff0000;\"><a style=\"color: #ff0000;\" href=\"https:\/\/shawue.de\/?p=1903\" target=\"_blank\" rel=\"noopener noreferrer\">DR3I W\u00fcsten<\/a>\u00a0\u00a0\u00a0\u00a0\u00a0\u00a0\u00a0\u00a0\u00a0\u00a0\u00a0\u00a0\u00a0\u00a0\u00a0\u00a0\u00a0\u00a0\u00a0\u00a0\u00a0\u00a0\u00a0\u00a0\u00a0\u00a0\u00a0\u00a0\u00a0\u00a0\u00a0<\/span>\u00a0\u00a0\u00a0\u00a0<\/strong><\/p>\n<p><strong>H\u00f6rproben von allen Songs unter \u201eSOUNDCLOUD\u201c oder klick hier: <span style=\"color: #ff0000;\"><a style=\"color: #ff0000;\" href=\"https:\/\/soundcloud.com\/user-905949836\" target=\"_blank\" rel=\"noopener noreferrer\">H\u00f6rproben<\/a><\/span><\/strong><\/p>\n<p><strong>2014 Folk Wings Produktion<\/strong><\/p>\n<p><span style=\"color: #ff0000;\"><strong>ACHTUNG! Versand nur per Vorkasse m\u00f6glich!<\/strong><\/span><\/p>\n","protected":false},"excerpt":{"rendered":"<p><strong style=\"font-size: 1rem;\">Die wohl &#8222;folkigste&#8220; Shawue CD ist<\/strong><\/p>\n<p><span style=\"color: #ff0000;\"><strong>&#8222;CD<\/strong><\/span><strong style=\"color: #ff0000; font-size: 1rem;\">\u00a0des Monats&#8220;<\/strong><\/p>\n<p><span style=\"color: #ff0000;\"><strong>Unser 35 Jahre Shawue Angebot<\/strong><\/span><\/p>\n","protected":false},"featured_media":3576,"template":"","meta":[],"product_brand":[],"product_cat":[17],"product_tag":[],"class_list":{"0":"post-91","1":"product","2":"type-product","3":"status-publish","4":"has-post-thumbnail","6":"product_cat-cds","8":"first","9":"instock","10":"shipping-taxable","11":"purchasable","12":"product-type-simple"},"_links":{"self":[{"href":"https:\/\/www.shawue.de\/index.php?rest_route=\/wp\/v2\/product\/91","targetHints":{"allow":["GET"]}}],"collection":[{"href":"https:\/\/www.shawue.de\/index.php?rest_route=\/wp\/v2\/product"}],"about":[{"href":"https:\/\/www.shawue.de\/index.php?rest_route=\/wp\/v2\/types\/product"}],"version-history":[{"count":1,"href":"https:\/\/www.shawue.de\/index.php?rest_route=\/wp\/v2\/product\/91\/revisions"}],"predecessor-version":[{"id":5863,"href":"https:\/\/www.shawue.de\/index.php?rest_route=\/wp\/v2\/product\/91\/revisions\/5863"}],"wp:featuredmedia":[{"embeddable":true,"href":"https:\/\/www.shawue.de\/index.php?rest_route=\/wp\/v2\/media\/3576"}],"wp:attachment":[{"href":"https:\/\/www.shawue.de\/index.php?rest_route=%2Fwp%2Fv2%2Fmedia&parent=91"}],"wp:term":[{"taxonomy":"product_brand","embeddable":true,"href":"https:\/\/www.shawue.de\/index.php?rest_route=%2Fwp%2Fv2%2Fproduct_brand&post=91"},{"taxonomy":"product_cat","embeddable":true,"href":"https:\/\/www.shawue.de\/index.php?rest_route=%2Fwp%2Fv2%2Fproduct_cat&post=91"},{"taxonomy":"product_tag","embeddable":true,"href":"https:\/\/www.shawue.de\/index.php?rest_route=%2Fwp%2Fv2%2Fproduct_tag&post=91"}],"curies":[{"name":"wp","href":"https:\/\/api.w.org\/{rel}","templated":true}]}}